-3*v - 2*u - 11 = -19, 4*u - 2 = v. What is the highest common factor of v and f?
1
Let i be 0 + 10 - 0/(-12). Suppose 0 = -7*z + 114 + 306. Calculate the greatest common divisor of z and i.
10
Suppose -5*n = 25, 15*n - 14*n - 22 = -3*s. What is the highest common divisor of 81 and s?
9
Suppose -18 = -4*s + 3*r + 20, -2*s = -2*r - 20. Suppose 1294 = 217*n - 2785 - 2865. Calculate the highest common divisor of s and n.
8
Let i = -883 - -887. What is the highest common divisor of 64 and i?
4
Suppose 26 + 79 = 35*t. What is the greatest common factor of 9 and t?
3
Suppose 0 = -4*l - 20, 0 = p + l - 3 - 3. Calculate the highest common divisor of 352 and p.
11
Suppose 0 = a + 3*j - 195, 3*a - 218 = -3*j + 361. Suppose 234*w - 7080 = -61*w. Calculate the greatest common factor of w and a.
24
Let d = -42 - -62. Let i be (0 - 72/(-10))/(1/d). What is the highest common divisor of 18 and i?
18
Let t(r) = -r**3 + 12*r**2 + 36*r - 34. Let a be t(14). What is the highest common divisor of a and 6?
6
Let c be ((-24560)/(-18))/10 + 12/(-27). What is the greatest common factor of c and 68?
68
Let p(s) = -9*s**3 - 2*s**2 + s. Let u be p(1). Let f be (-108)/u + (-1)/(-5). Let b = 2355 - 2300. What is the highest common divisor of b and f?
11
Let r(m) = m**3 - m + 2. Let x be r(0). Let z be (-3 - -1)/x + 127. Let h be 28/(-4) + 25 + (-2 - 2). What is the highest common factor of h and z?
14
Suppose 0 = -22*h + 573 - 111. What is the highest common divisor of 21 and h?
21
Let r be 3 + -1 + 2 - 2/(-2). What is the highest common factor of r and 225?
5
Let t(o) = -41*o**3 + 2*o**2 - 6*o - 5. Let x be t(-1). Let z(y) = y**2 - 2*y + 1. Let l be z(3). Calculate the greatest common divisor of x and l.
4
Suppose -1199*k + 30 = -1194*k. Let r = 31 - -47. What is the highest common divisor of r and k?
6
Suppose -245 = -26*s + 21*s - i, 0 = 3*s - i - 155. What is the highest common factor of s and 350?
50
Let l = -630 - -635. Let d(g) = 12*g**2 + 2*g + 1. Let y(z) = z**3 - 4*z**2 + 3*z. Let a be y(2). Let k be d(a). What is the greatest common divisor of l and k?
5
Let w(m) = 7*m**3 + 3*m**2 - 2*m - 6. Let s be w(2). Let c = -66 + 33. Let t = s + c. Calculate the greatest common factor of 275 and t.
25
Suppose -11*p + 3771 = 1296. Suppose -6*g + 15*g = p. What is the highest common divisor of g and 200?
25
Let l be 6/9*561/22. What is the greatest common divisor of l and 153?
17
Let d be (-41)/(-2) - 1/(-2). Let z(x) = -x**3 - 9*x**2 + 733*x + 9. Let g be z(-32). Calculate the highest common divisor of g and d.
21
Let i = 67 + -63. Let s = -21 - -33. Calculate the greatest common divisor of s and i.
4
Suppose y - 5*z - 45 = 0, 3*z = -4*y + 27 + 268. Suppose -3*w + y = -8. Calculate the highest common factor of w and 78.
26
Let h(i) = -i**3 + 13*i**2 - 10*i - 2. Let u be h(10). Suppose 155 = 3*b + n, -4*b + 5*n = 2*n - u. Calculate the greatest common divisor of b and 17.
17
Let x(s) = -s**3 - 9*s**2 - 8*s + 2. Let b be x(-8). Suppose b*n - 4*n = -10. Suppose 4*r - n = 27. Calculate the highest common factor of r and 40.
8
Let k(s) be the third derivative of 0 + 2*s**2 + 0*s + 0*s**3 + 11/24*s**4. Let g be k(2). Calculate the greatest common divisor of 2 and g.
2
Let v = 27 - 14. Let f be (-31)/(155/30) + 97. Calculate the highest common divisor of f and v.
13
Suppose 792 = -14*d + 10*d. Let c = -90 - d. Calculate the greatest common factor of 12 and c.
12
Let t be (4 - -7) + (-6)/1. Let l(w) = 9*w - 5. Let b be l(5). Calculate the greatest common divisor of b and t.
5
Let m = 39 - 39. Suppose m = b - 2*b + 7. What is the greatest common factor of 7 and b?
7
Let q = -20 - -24. Let u(h) = h**3 + h**2 - 4. Let s be u(3). Calculate the greatest common factor of q and s.
4
Let y = 44 + -16. Suppose -3*q + 2*m = 1, 2*q = -q + m - 2. Let s be (-34 + 6)*q/2. What is the highest common factor of y and s?
14
Let h(i) = 3*i**2 - 18*i + 24. Let y be h(7). Calculate the highest common factor of y and 15.
15
Let o = -356 - -360. Suppose 2*l = -m - 2, 2 = -3*l - m + 1. What is the highest common factor of l and o?
1
Let u be -1*(-3)/(0 - 1). Let f = 1171 + -1127. Let r be 5*(u + f/5). Calculate the greatest common factor of r and 87.
29
Suppose -33*i + 40361 = 12905. What is the greatest common factor of 52 and i?
52
Let n(f) = -24*f + 5. Let q be n(0). What is the highest common divisor of q and 95?
5
Let n(z) = -12*z - 6. Let w be n(-2). Let f = 46 - w. Calculate the highest common factor of 8 and f.
4
Let i be ((-306)/5)/(8/(-20)). Let l = 8 + -6. Let o be l/(-1)*17/(-2). Calculate the greatest common factor of i and o.
17
Let y(q) = -2*q**2 + 2*q + 111. Let o be y(0). Calculate the greatest common divisor of o and 3.
3
Suppose 0 = 2*g - r - 23, 39 = 5*g - 2*g + 3*r. Calculate the greatest common factor of g and 4.
4
Suppose 3*g - v = 3*v - 6, 1 = -g + v. Suppose 2*u - g = -4*j, -4*j = -5*u - 2*j + 41. What is the greatest common factor of 91 and u?
7
Suppose -3*j = 2*p - 2*j - 57, -4*j = 4*p - 116. Let y = -7 + 4. Let c be 18/(-15)*350/y. What is the greatest common factor of c and p?
28
Let b(p) = -p**2 + 23*p - 30. Let y be (10/7)/(136/(-28) + 5). Let r be b(y). What is the highest common divisor of 250 and r?
50
Let x(y) be the third derivative of -4*y**2 + 0 + 1/3*y**3 - 1/4*y**4 - 1/60*y**5 + 0*y. Let a be x(-5). What is the highest common factor of a and 49?
7
Suppose 141 - 207 = -2*h. What is the greatest common divisor of 88 and h?
11
Suppose -p - 290 = -3*z, 15 - 7 = -4*p. Suppose 0 = -3*b - u + 34, 2*b - 5*u = b + 22. Calculate the highest common factor of z and b.
12
Let y be (-242)/4*(8 + -19 + 9). What is the highest common factor of 11 and y?
11
Let w be -14*(90/(-21))/5. Let n = w - -3. Suppose 3*g - 2*b - 297 = 0, g + 2*b - 114 + n = 0. What is the greatest common divisor of g and 11?
11
Let x be 16/(-6)*(-660)/8. Suppose -5*b + 17 = -0*n + 2*n, 5*n + 5*b = 5. Let a be (-79)/n - (-15)/60. Calculate the greatest common divisor of x and a.
20
Suppose 26*u - 10955 = -1517. What is the highest common factor of 99 and u?
33
Let j(d) = -8*d - 108. Let f be j(-14). What is the greatest common factor of 6 and f?
2
Let z be (-50)/((-32)/(-16))*(-48)/10. Let o = 32 - 101. Let t = o + z. Calculate the highest common factor of 34 and t.
17
Let s(x) = -x + 105. Let h be 3/(6/4) + -2. Let u be s(h). Let d be -2*(-1)/(6/45). Calculate the highest common divisor of u and d.
15
Let m = 439 - 430. What is the highest common factor of 117 and m?
9
Let w = -1264 - -1322. What is the highest common divisor of 2900 and w?
58
Suppose 0*i = 3*c + i - 45, 0 = -5*i. Let w = -11 + c. Let s = 29 + -21. Calculate the greatest common divisor of w and s.
4
Let n(m) = -m**3 + 9*m**2 + 9*m + 14. Let k be n(10). Suppose k*y - 192 = -36. What is the greatest common factor of y and 78?
39
Suppose 0 = -386*y + 384*y + 102. What is the highest common factor of y and 9?
3
Suppose u + 23 = 74. Suppose 16 + 57 = 5*f + 4*x, 0 = f + 4*x - 5. What is the highest common divisor of u and f?
17
Let u(t) = -2*t**3 + 3*t**2 - 3*t + 1. Let i be u(2). Let j = 25 + i. Suppose -g - j + 36 = 0. What is the highest common divisor of 8 and g?
4
Suppose 0*z + 5*z = 1425. Suppose -4*t = -0*o - o - z, 5 = -o. Suppose -3*p - 2*p - 5*h = -125, p - 31 = h. What is the highest common factor of t and p?
14
Suppose -2*t + 3*t = 70. Let k(n) = n**2 + 6*n**3 + 28 - 20*n**3 + 13*n**3 - 2*n**2. Let s be k(0). What is the highest common divisor of s and t?
14
Suppose 27718 = 5*b + 3*w, -42*b - w + 5542 = -41*b. Calculate the highest common divisor of b and 118.
118
Let i = -92 + -56. Let w be 2/(-3) - i/6. Calculate the greatest common divisor of w and 216.
24
Let o(m) = 91*m + 7. Let r be o(3). What is the greatest common divisor of r and 112?
56
Let j = 165 + -138. Let p(z) = -z + 11. Let c be p(11). Let t be c + 21 + (-6 - -3). Calculate the greatest common divisor of j and t.
9
Let p be ((-2)/(-4))/(3/114). Let i(l) = -l**2 + 5*l. Let y be i(5). Suppose 1 = -q, -w - 4*q + y*q = -129. Calculate the highest common divisor of p and w.
19
Suppose 3*r - 5*c - 16 = 0, 5*r = -0*r + 5*c + 40. Let j(q) = -q**2 - 30*q + 112. Let g be j(-32). What is the highest common divisor of r and g?
12
Let t be 4 - 2 - 21/(-7). Suppose 38 = t*w - 2